 be w(-9). Suppose 5*q - s = -3. What is the units digit of 9 + (q + -2)/3?
0
Let k(v) = 0*v**2 - 2 - 2*v + v**2 + 3. Let w be k(3). Suppose 2*x - w = -0*x. What is the units digit of x?
2
What is the units digit of 2/6 - (-1132)/6?
9
Suppose 0 = -6*h + 4*h - 18. Let t = -5 - h. Suppose 4*v + t = 20. What is the units digit of v?
4
Let q be -8*(-2)/10*5. Let r = -1 + q. What is the units digit of r?
7
Let a = -16 + 50. What is the tens digit of a?
3
Let b = -6 - -6. Suppose b = 2*y - 6*y + 108. What is the tens digit of y?
2
Let n(t) be the third derivative of -t**5/60 - 7*t**4/24 - t**3/2 - t**2. Let x be n(-6). Suppose -x*a + 35 = 2*a. What is the units digit of a?
7
Let a(v) = -v**2 + 3*v + 5. Let y be 1/(-4 - -3)*-4. What is the units digit of a(y)?
1
Let a = 23 - -112. What is the hundreds digit of a?
1
Suppose 0*w + 3*w + u = 496, 5*w - 836 = -4*u. What is the units digit of w?
4
Let o be (10/4)/((-1)/(-4)). Let h(v) = -v**2 + 13*v - 15. What is the tens digit of h(o)?
1
Suppose 2*v - 4*v = 0. Suppose -t = -2 - v. What is the units digit of t?
2
Suppose -5*g + 2*u + 172 = -2*u, 5*g = 3*u + 174. What is the units digit of g?
6
Let k = 55 - -17. What is the tens digit of k?
7
Suppose y + y + 100 = 0. Let p be y/(-4) - (-1)/(-2). Suppose -z + p = 3*z. What is the units digit of z?
3
What is the tens digit of ((-18)/(-36))/((-2)/(-52))?
1
Suppose i + 3*m - m = -19, -4*i - 112 = -m. Let v = -23 - i. What is the units digit of v?
4
Let h = 23 + -13. What is the units digit of h?
0
Let g be ((-24)/33)/4 - (-2982)/66. Let b be ((-692)/2)/((-2)/(-5)). What is the tens digit of (-2)/9 - b/g?
1
Let x be (-10)/45 - (-40)/18. What is the units digit of (6 - 5)/(1/x)?
2
Let c(y) = -y**2 - 4*y - 1. Let z be c(-3). What is the units digit of 7 + (0 + 1 - z)?
6
Let s(x) = x - 2. Suppose 0 = 2*w + 5 + 3, -5*q = 4*w + 61. Let z be (-83)/q + 4/(-18). What is the units digit of s(z)?
7
Suppose 6 + 141 = z. What is the hundreds digit of z?
1
Let h(b) = -b**2 + 7*b - 7. Let d be h(5). Let x(l) = -d + 6*l - 3*l + 0 - l. What is the units digit of x(5)?
7
Suppose -4*i - 219 = -4*w + 113, 2*w = -5*i + 201. What is the units digit of w?
8
Suppose n - 63 = 76. What is the hundreds digit of n?
1
Suppose -5*q = -3*v - 54, v = -0*v + 2. What is the tens digit of q?
1
Suppose -3*c + 1 = 3*d - 29, -34 = -3*c - 5*d. What is the units digit of c?
8
Suppose -k + 3*r + 138 = 0, r + 11 + 280 = 2*k. What is the hundreds digit of k?
1
Suppose -4*u - c = -u + 6, 4*u = -5*c - 8. Suppose 3*k + 4*q = 2*q + 5, 4*k = -3*q + 8. What is the units digit of 3 - (-1 + (k - u))?
3
Let k be 8/5 + (-2)/(-5). Suppose k*p + 2 = -y, -2*y + 3*p - 4 = 5*p. What is the units digit of 0 - -8*y/(-2)?
8
Let u be (-2)/(-10) - (-3)/(-15). Suppose u*y + 2*y - 3*x - 37 = 0, 63 = 4*y + 5*x. What is the tens digit of y?
1
Suppose 10 = -c + 3*c, -2*d + 5*c = -67. What is the units digit of d?
6
Let j = 1 + 1. Let u(c) = 2 + 9*c - j*c - c**2 - 5. What is the units digit of u(3)?
9
Let a(o) = -2*o**2 + 8*o + 13. Let l(u) = 10*u**2 - 39*u - 66. Let g(z) = -11*a(z) - 2*l(z). What is the tens digit of g(8)?
3
Suppose 158 = 4*w - 182. Suppose -2*y - 17 = -w. Suppose k + 7 + 1 = n, 4*n - 5*k = y. What is the units digit of n?
6
Let v be (3 - 5)/((-4)/6). Suppose v + 0 = -j. Let z(f) = -f**2 - 5*f - 3. What is the units digit of z(j)?
3
Suppose -l = 5*j + 19, -53 = 2*l - 3*j - 2*j. Let q be 27/2*(-16)/l. Suppose -2*b + q = b. What is the units digit of b?
3
Let a = 337 - 111. What is the tens digit of a?
2
Suppose 5*h + 5*o - 25 = 0, 4*o + o = 20. What is the units digit of ((-3)/1 + 23)/h?
0
What is the units digit of -4 + ((-2)/(-19) - (-752)/76)?
6
Let f = -4 + 3. What is the units digit of 3 - 4 - 2*f?
1
Suppose 4 = -4*d - 2*t, -21 = 2*d + 5*t - 3. Let n be (-3 + d)*-1*1. Suppose u = n*u - 6. What is the units digit of u?
6
Suppose 5*y = -5*s + 175, -54 = -5*y - 3*s + 121. Suppose y = -o + 6*o. Let d = o + -6. What is the units digit of d?
1
Let l(z) = -z**2 + z + 16. Let f(x) = -2*x - 2*x - 4 + 4*x - x. Let v be f(-4). What is the units digit of l(v)?
6
Let u(y) = -4*y - 6. What is the tens digit of u(-6)?
1
Suppose -3*n - 35 + 107 = 0. Let q = n - 15. What is the units digit of q?
9
Let m(s) = 9*s + 2. Let z be m(2). Suppose 0 = p + 3*p + z. Let i(c) = -c**3 - 4*c**2 + 3*c - 2. What is the units digit of i(p)?
8
Suppose -b - 4 = -7. Suppose 0 = -5*i + b*i + 24. What is the units digit of i?
2
Let f = 13 + -13. Suppose f = -b + 4*b - 54. What is the tens digit of b?
1
Suppose 3*u + 5*y - 181 - 121 = 0, -192 = -2*u - y. What is the units digit of u?
4
Suppose -4*x + 0*l + 694 = 2*l, x = -3*l + 166. What is the hundreds digit of x?
1
Let j = 96 - 56. What is the tens digit of j?
4
Let l = 3 + -7. Let g = 0 - l. Let r = g - -3. What is the units digit of r?
7
Let u(w) = 3*w**2 + 4*w - 7. What is the tens digit of u(4)?
5
Suppose 3*b + 5*c + 44 = 0, -6*b + b - 2*c - 48 = 0. What is the units digit of b/(-20) + (-26)/(-10)?
3
Let w(v) = 8*v + 8. Let i(a) = -8*a - 9. Let u(t) = -5*i(t) - 6*w(t). What is the tens digit of u(-4)?
2
Let a be 4/6*(-15)/(-2). Suppose 5*p + 6*c - c - 35 = 0, c = a*p - 29. Suppose -p*h + 2*h = -5*q - 19, -3*h - 2*q + 43 = 0. What is the units digit of h?
1
What is the hundreds digit of (-605)/(-5) - 20/(-5)?
1
Suppose -3*p - m + 24 = -3*m, 3*p - m = 21. Let y(w) = -p + w + w + 0*w. What is the units digit of y(4)?
2
Let x(t) = t**2 + 6*t + 6. Let z be x(-6). Let j = 4 + -13. What is the units digit of 4*(j/z - -2)?
2
Suppose -3*g + 62 + 31 = 0. What is the units digit of g?
1
Let l(a) = 5*a**2 - 1. Let v = 2 - 0. Suppose -u - 5*p + 2 = -3*u, v*p = -u - 1. What is the units digit of l(u)?
4
Suppose 0*k + 3*k + 18 = 0. What is the units digit of 63/k*2/(-3)?
7
Let w = 11 + -33. Let y = w + 44. What is the tens digit of y?
2
Suppose 0*r = -5*r + 10. What is the units digit of 2/(r/(-3))*-12?
6
Let j(k) = -k - 6. Let y = -15 - -9. Let z be j(y). What is the units digit of (-1 + z + 0)*-1?
1
Suppose 4*c - 19 = -c + 4*b, 4*c - 7 = -5*b. Suppose 79 = c*q - 4*x, q = -3*x + 10 + 12. What is the tens digit of q?
2
Suppose 0*i + 3 = -3*i. What is the units digit of -2*(-14)/(-4)*i?
7
Suppose 0 = 5*l - 5*k + 4*k - 33, 0 = -5*k - 15. What is the units digit of l?
6
What is the tens digit of -45*(-4)/(-6)*(-56)/10?
6
Suppose 0*l - 4*l - 6 = -2*i, -5*i - 3*l = 50. What is the units digit of (i/2*-4)/2?
7
Suppose -5*m + 21 = -159. What is the tens digit of m?
3
Let o = -48 - -208. What is the tens digit of o?
6
Let z = 720 - 511. What is the units digit of z?
9
Suppose -p + 4*i = -77 - 20, -3*i = 4*p - 483. What is the hundreds digit of p?
1
Let m(v) = -v**3 - v - 3*v + 6*v**2 + v - 1. Suppose 5*z - 3 = 5*u + 17, 2*u - 7 = -z. What is the units digit of m(z)?
9
Let m = 0 + 6. What is the units digit of 26/m + (-16)/(-24)?
5
Let y(a) = a**3 + 7*a**2 - 9*a + 11. Let w be y(-8). What is the tens digit of (w/(-2))/(2/(-4))?
1
Suppose 3*f - 5 = 2*f. Suppose -6 = -r - f. What is the units digit of r?
1
Let v be (6/6)/(1/2). Suppose 14 = 2*d + v*d - 2*t, 0 = 2*d - 4*t - 10. What is the units digit of 5/(1/3*d)?
5
Suppose 4*f + 0*f = -16. Let z be (-2)/(-1*2) - -1. What is the units digit of z/(-3)*6/f?
1
Suppose -q - z = -12, -11 = -4*z + 9. Let p(c) = -c**2 + 10*c - 8. What is the tens digit of p(q)?
1
Suppose 0*j = 5*o + 4*j - 3, -3*o = 2*j - 1. Let n(t) = 3*t**2 + t + 1. Let d be n(o). Let z = d - 2. What is the units digit of z?
1
Suppose 0 = -2*i + 11 + 1. What is the units digit of i?
6
Let w = -299 - -453. Suppose -2*d + 2*s = -6*d + w, 190 = 5*d + 2*s. What is the units digit of d?
6
Suppose 1 = 7*w - 202. What is the units digit of w?
9
Suppose 3*x - 35 = -2*x. Suppose 3*n - 2*i - 16 = 0, 2*n - x = n + i. What is the units digit of n?
2
Let f = -5 - -11. Let y = f + 19. Suppose -5*w + 0*w + y = 0. What is the units digit of w?
5
Let m = -57 - -119. What is the units digit of m?
2
Let f be 2 - 1 - (-1 + -1). Suppose -2*a = f*v - 22, 5*a - 2*v = -3*v + 42. What is the units digit of (3/(-2))/((-4)/a)?
3
Suppose -5*y + 13 = j, 7*y - 4*y - 15 = -3*j. Suppose y + 10 = 3*s. Suppose s*p = 3*p + 5. What is the units digit of p?
5
Suppose -j + 6 - 1 = 0. Suppose -j*l = -l - 56. What is the units digit of (